8
What is the units digit of 8715966?
6
What is the ten thousands digit of 3449521?
4
What is the hundreds digit of 548331?
3
What is the ten thousands digit of 695691?
9
What is the hundreds digit of 292612?
6
What is the thousands digit of 50209?
0
What is the hundreds digit of 140664?
6
What is the ten thousands digit of 5310608?
1
What is the ten thousands digit of 442823?
4
What is the units digit of 780617?
7
What is the ten thousands digit of 1414424?
1
What is the tens digit of 250605?
0
What is the ten thousands digit of 2687223?
8
What is the ten thousands digit of 1327268?
2
What is the hundred thousands digit of 109412?
1
What is the units digit of 18023526?
6
What is the hundreds digit of 1684993?
9
What is the tens digit of 6075596?
9
What is the hundreds digit of 32968642?
6
What is the units digit of 402510?
0
What is the hundred thousands digit of 407745?
4
What is the hundreds digit of 1742606?
6
What is the hundreds digit of 9386716?
7
What is the units digit of 5729377?
7
What is the hundreds digit of 319757?
7
What is the ten millions digit of 11169637?
1
What is the tens digit of 2157618?
1
What is the hundreds digit of 274979?
9
What is the tens digit of 6419393?
9
What is the units digit of 531201?
1
What is the ten thousands digit of 4346927?
4
What is the hundreds digit of 280813?
8
What is the units digit of 474679?
9
What is the units digit of 1610442?
2
What is the ten thousands digit of 2414093?
1
What is the tens digit of 171993?
9
What is the units digit of 518428?
8
What is the tens digit of 124192?
9
What is the thousands digit of 1063010?
3
What is the hundred thousands digit of 2266834?
2
What is the ten thousands digit of 374576?
7
What is the hundreds digit of 9819638?
6
What is the thousands digit of 9304907?
4
What is the ten thousands digit of 136124?
3
What is the hundreds digit of 1031961?
9
What is the ten thousands digit of 555397?
5
What is the units digit of 41678?
8
What is the hundred thousands digit of 4189615?
1
What is the ten thousands digit of 234490?
3
What is the millions digit of 3639382?
3
What is the units digit of 7434331?
1
What is the thousands digit of 7629566?
9
What is the thousands digit of 1102211?
2
What is the units digit of 16601270?
0
What is the ten millions digit of 14156543?
1
What is the units digit of 33794?
4
What is the tens digit of 11238?
3
What is the tens digit of 390778?
7
What is the hundreds digit of 14234681?
6
What is the ten thousands digit of 342456?
4
What is the thousands digit of 32394?
2
What is the tens digit of 283660?
6
What is the hundreds digit of 18750344?
3
What is the hundreds digit of 7218565?
5
What is the thousands digit of 4518690?
8
What is the millions digit of 1177106?
1
What is the units digit of 2085722?
2
What is the ten thousands digit of 4423432?
2
What is the hundred thousands digit of 417164?
4
What is the hundreds digit of 397819?
8
What is the millions digit of 1058566?
1
What is the units digit of 1472356?
6
What is the millions digit of 7879053?
7
What is the hundreds digit of 24072?
0
What is the hundred thousands digit of 271551?
2
What is the ten thousands digit of 2909750?
0
What is the hundreds digit of 4324386?
3
What is the millions digit of 4827274?
4
What is the millions digit of 8726144?
8
What is the ten thousands digit of 538270?
3
What is the ten thousands digit of 25201665?
0
What is the ten thousands digit of 217349?
1
What is the thousands digit of 1789961?
9
What is the tens digit of 1846922?
2
What is the hundreds digit of 1593077?
0
What is the thousands digit of 6711611?
1
What is the hundred thousands digit of 107813?
1
What is the tens digit of 768237?
3
What is the millions digit of 6171254?
6
What is the units digit of 884504?
4
What is the thousands digit of 267352?
7
What is the hundred thousands digit of 702843?
7
What is the hundred thousands digit of 200616?
2
What is the tens digit of 101645?
4
What is the units digit of 30389?
9
What is the hundred thousands digit of 1365425?
3
What is the ten millions digit of 28333069?
2
What is the ten thousands digit of 92769?
9
What is the ten millions digit of 21820766?
2
What is the ten thousands digit of 363801?
6
What is the hundreds digit of 443707?
7
What is the hundreds digit of 7058414?
4
What is the ten thousands digit of 54669?
5
What is the hundred thousands digit of 4239698?
2
What is the tens digit of 5158314?
1
What is the ten thousands digit of 7732350?
3
What is the ten thousands digit of 1717787?
1
What is the hundreds digit of 2073505?
5
What is the thousands digit of 3825829?
5
What is the thousands digit of 1029444?
9
What is the units digit of 1243118?
8
What is the ten millions digit of 27084689?
2
What is the units digit of 178009?
9
What is the hundreds digit of 6483735?
7
What is the ten thousands digit of 481603?
8
What is the tens digit of 874128?
2
What is the hundred thousands digit of 774763?
7
What is the hundred thousands digit of 9938888?
9
What is the thousands digit of 1645510?
5
What is the hundred thousands digit of 3182183?
1
What is the millions digit of 1130406?
1
What is the ten thousands digit of 493795?
9
What is the hundred thousands digit of 496985?
4
What is the thousands digit of 24244901?
4
What is the units digit of 52040?
0
What is the ten thousands digit of 25665077?
6
What is the thousands digit of 701866?
1
What is the hundreds digit of 3687978?
9
What is the hundred thousands digit of 218557?
2
What is the thousands digit of 2246483?
6
What is the ten thousands digit of 1203524?
0
What is the ten thousands digit of 563009?
6
What is the thousands digit of 266786?
6
What is the tens digit of 11247683?
8
What is the units digit of 158588?
8
What is the units digit of 557964?
4
What is the thousands digit of 591571?
1
What is the ten thousands digit of 931257?
3
What is the tens digit of 4636029?
2
What is the hundreds digit of 110743?
7
What is the ten thousands digit of 10769218?
6
What is the thousands digit of 7980077?
0
What is the tens digit of 2797120?
2
What is the ten thousands digit of 8742525?
4
What is the hundreds digit of 261769?
7
What is the hundred thousands digit of 3831075?
8
What is the hundred thousands digit of 682159?
6
What is the hundred thousands digit of 10156100?
1
What is the units digit of 3106658?
8
What is the hundred thousands digit of 248697?
2
What is the hundred thousands digit of 2348443?
3
What is the tens digit of 1185036?
3
What is the ten thousands digit of 10840149?
4
What is the hundreds digit of 7497183?
1
What is the millions digit of 5159040?
5
What is the thousands digit of 628279?
8
What is the thousands digit of 256833?
6
What is the hundred thousands digit of 1234097?
2
What is the thousands digit of 46447?
6
What is the hundred thousands digit of 482579?
4
What is the thousands digit of 1141363?
1
What is the hundred thousands digit of 1756638?
7
What is the hundreds digit of 167463?
4
What is the ten thousands digit of 3840391?
4
What is the ten thousands digit of 85193?
8
What is the hundreds digit of 5023683?
6
What is the hundreds digit of 25321416?
4
What is the ten thousands digit of 17759300?
5
What is the hundreds digit of 350132?
1
What is the units digit of 7463552?
2
What is the units digit of 2297417?
7
What is the units digit of 176997?
7
What is the hundreds digit of 1722233?
2
What is the hundreds digit of 63349?
3
What is the units digit of 648789?
9
What is the thousands digit of 22392698?
2
What is the hundred thousands digit of 212183?
2
What is the units digit of 18701556?
6
What is the thousands digit of 69794?
9
What is the hundreds digit of 215956?
9
What is the hundred thousands digit of 1709900?
7
What is the thousands digit of 827760?
7
What is the units digit of 1392333?
3
What is the tens digit of 1868998?
9
What is the units digit of 11018480?
0
What is the thousands digit of 449044?
9
What is the thousands digit of 208857?
8
What is the hundred thousands digit of 900158?
9
What is the tens digit of 8718621?
2
What is the ten thousands digit of 151168?
5
What is the tens digit of 62423?
2
What is the tens digit of 163184?
8
What is the millions digit of 1992019?
1
What is the units digit of 1519656?
6
What is the tens digit 